d = 1048, 5*z + 4*d - 1744 = 0. What is the remainder when z is divided by 53?
30
What is the remainder when 32 is divided by (-165)/45*(1 + (2 - 9))?
10
Suppose -316*j = -309*j - 189. Calculate the remainder when 48 is divided by j.
21
Suppose g - 3*g + 32 = 0. Let o(b) = 5*b - 11. Calculate the remainder when o(g) is divided by 24.
21
Suppose 0 = 3*m - 7 - 143. Suppose 0 = 4*g - 50 - m. Calculate the remainder when 73 is divided by g.
23
Let g(x) = x**3 + 23*x**2 - 51*x - 7. Let o = 50 + -46. Calculate the remainder when g(-25) is divided by o.
2
Let t = -1481 + 1542. What is the remainder when t is divided by 12?
1
Let b be 4 + -6 + (5 - 3) + 26. Suppose 0 = p - b + 2. What is the remainder when p is divided by (-27)/(-2) + 1/(-2)?
11
Suppose -5*p + 2*k + 2*k + 186 = 0, -42 = -p + 2*k. Let j(z) = z + 23. Let s be j(0). Let i = 41 - s. What is the remainder when p is divided by i?
16
Let v(f) = -f**2 - 27*f + 4. Let q be v(-27). Calculate the remainder when 25 is divided by 14 + (-2 - (3 - q)).
12
Let l(y) = y + 1. Let m be l(4). Suppose -m*x - 18 = -58. Calculate the remainder when 30 is divided by x.
6
Suppose -5*x + 8*x - u - 1002 = 0, 0 = 2*x - 5*u - 655. Calculate the remainder when x is divided by 56.
55
Suppose -2*u = 3*q - 297, -47*q + 49*q - 5*u - 179 = 0. Calculate the remainder when q is divided by 17.
12
Let g be -7 + 3/9*3. Let u = -6 - g. Let h = 9 + u. What is the remainder when 44 is divided by h?
8
Suppose 2*r + 3*r = 170. Let z(k) = k + 53. What is the remainder when r is divided by z(-35)?
16
Let b(r) = -r**2 - 7*r + 3. Let d be b(-7). Let w = d + -1. Suppose -5*l = 3*c - 40, w*c - 3*l - 24 = -5*l. What is the remainder when c is divided by 4?
2
Suppose -30 = -2*t + 12. Let w be 14/t + (-20)/(-6). Suppose 182 = p + 4*p - w*q, -2*q = -5*p + 176. What is the remainder when p is divided by 18?
16
Calculate the remainder when (24/1)/6*283 + -7 is divided by 47.
44
Suppose 24*i - 849 = -129. What is the remainder when i is divided by 24?
6
Let c(p) = -p + 4. Let k be 2 - (3 + (-2 - 0)). What is the remainder when (2 + k)/(12/116) is divided by c(-12)?
13
Suppose -4*u + 16 + 16 = 0. What is the remainder when 155 is divided by u?
3
Let d(h) = -21*h - 77. Calculate the remainder when 413 is divided by d(-7).
63
Let g(f) = f**3 + 3*f**2 - 6*f - 5. Let d be g(-4). Let l(i) = i**2 + i - 1. Suppose 3*a = -a, 2*a + 80 = 4*p. What is the remainder when p is divided by l(d)?
9
Suppose 263*d = 262*d + 164. Calculate the remainder when d is divided by 11.
10
Let n be 14/63 + (2696/9)/2. Let s = -128 + n. What is the remainder when 57 is divided by s?
13
Suppose -9 = 3*q - 15. Suppose -4*j + 47 = -2*j + 5*x, -2*j + 54 = -q*x. What is the remainder when 206 is divided by j?
24
Let j(q) = 32*q - 44. Let p be j(16). What is the remainder when 92 is divided by p/20 - 6/(-10)?
20
Suppose -32*l + 300 = -22*l. What is the remainder when l is divided by 1/2*2*16?
14
Suppose w - 7 + 4 = 0. Suppose -w*s = -2*a - 9 + 54, 85 = 2*a + 5*s. What is the remainder when 88 is divided by a?
28
Let c(o) = -4*o**3 + 3*o + 1. Let m = 23 - 25. Calculate the remainder when c(m) is divided by 1/(2/16) - 1.
6
Let o(s) = -s**2 - 19 + 3 - 18 - 27*s - 1. Calculate the remainder when 148 is divided by o(-25).
13
Suppose -92 = -f + 5. Calculate the remainder when f is divided by 11.
9
Calculate the remainder when 63 is divided by 910/25 - -1 - (-2)/(-5).
26
Suppose 0 = -149*f + 1830 + 3385. Calculate the remainder when f is divided by 12*(6/4 - 1).
5
Let c = 16 + -14. Suppose -4 = -3*i + c. Suppose -44 = -5*u + 2*y - 7, i*y = 8. What is the remainder when 34 is divided by u?
7
What is the remainder when (-1)/((-13450)/1680 + 8) is divided by 55?
3
Let p(c) = -c**3 - 15*c**2 - 17*c - 36. Let s(o) = 3*o**2 - 2*o - 4. Calculate the remainder when s(3) is divided by p(-14).
5
Let v = 24 + -10. Let t = v + 15. Calculate the remainder when 86 is divided by t.
28
Suppose -3*o + 4*o - 11 = 0. Let r = o + -12. What is the remainder when (-46)/r + (-21)/(-7) is divided by 17?
15
Suppose -2*l - 28 = -p - 0*l, -3*p - 3*l = -57. Let w = p + -14. Suppose 11*x - 165 = w*x. Calculate the remainder when x is divided by 19.
17
Suppose -15*o + 96 = x - 16*o, -3*x = -5*o - 290. Calculate the remainder when x is divided by 82.
13
Let p(l) = l**3 + 9*l**2 + 11*l - 12. Let d be p(-7). Suppose 0 = -4*o + 1 + 3. Let t = o + d. Calculate the remainder when 18 is divided by t.
8
Let x(g) = g**2 - 12*g - 6. Calculate the remainder when 351 is divided by x(14).
21
Suppose -2*o + 127 = -17. Calculate the remainder when o is divided by 40/(-30) + 61/3.
15
Let u be (-2)/(-6) + (-160)/(-24). Suppose u = 51*x - 50*x. What is the remainder when x is divided by 2?
1
Let h(y) = y + 83. What is the remainder when h(24) is divided by 19?
12
Let d(o) = -o**2 - 48*o + 69. Calculate the remainder when 74 is divided by d(-49).
14
Let o = 694 - 637. What is the remainder when o is divided by 46?
11
Let g = 1094 - 1028. Calculate the remainder when 524 is divided by g.
62
Let w(g) = 5*g - 1. Let r be w(-1). Suppose -j + 4*z + 3 = 0, 2*z + 20 = 7*z. Calculate the remainder when (20/r)/(10/(-105)) is divided by j.
16
Suppose 4*o = 4*g - 0*o - 468, 5*o = 4*g - 471. Calculate the remainder when g is divided by 23.
22
Suppose -26 - 30 = -4*f. Suppose -871 = 4*w - 17*w. What is the remainder when w is divided by f?
11
Let n(s) = s**3 - 19*s**2 + 61*s + 32. Let z = 18 - 8. What is the remainder when n(15) is divided by z?
7
Let x(l) = -24*l - 81. Calculate the remainder when 175 is divided by x(-4).
10
Let t = -316 - -331. Let a(z) = -25 + 3*z + z - 6. Calculate the remainder when a(t) is divided by 15.
14
Let c be 20/30 + 4/(-6). Suppose c = -r - 5*z + 45 - 19, -3*z = -2*r - 13. Calculate the remainder when 22 is divided by 18/6 + (6 - r).
6
Let m(z) = z**3 + 10*z**2 + 2*z + 2. Let u be m(-10). What is the remainder when (u/15)/(1 - 1228/1220) is divided by 37?
35
Suppose 3*w - 3*x - 504 = 0, 333 = 2*w - 7*x + 8*x. Suppose 4*f - 15 = f, 2*d = 3*f + 11. Calculate the remainder when w is divided by d.
11
Let x = 832 - 726. Calculate the remainder when 411 is divided by x.
93
Suppose -3*x + 2*x - 5*v + 33 = 0, 0 = 5*x - 2*v - 84. Let h = 6 + -7. What is the remainder when -3 + 74 + 1*h is divided by x?
16
Let u(n) = -n**3 + 19*n**2 + 49*n + 11. What is the remainder when u(21) is divided by 8?
6
Suppose -5*m + 2*o + o = -110, -3*o + 15 = 0. Let h(f) = -6*f - 11. Let u be h(-9). What is the remainder when (-2 - -7) + -1 + u is divided by m?
22
Let t(u) = -2*u**2 - 2*u + 31. Let v be t(-8). Let k = 116 + v. What is the remainder when 173 is divided by k?
33
Suppose 4*q = -3*u - 181, -4*q + 2*u + 0*u - 166 = 0. Let b be -28 + 0/(-2) + -2. Let w = b - q. Calculate the remainder when 23 is divided by w.
10
Suppose 2*c + 2 = 3*c, 4*i - 50 = -c. Calculate the remainder when 46 is divided by i.
10
Let c be ((-6)/(-9))/(-1)*-54. Let f = c + -18. Calculate the remainder when 34 is divided by f.
16
Suppose 44*t - 4*t = 920. What is the remainder when 389 is divided by t?
21
Let p = -45 + 124. What is the remainder when p is divided by 40?
39
Let z(t) = 14 + 3*t**2 - 8*t + 2*t**2 - 4*t**2. Let u = 1422 - 1415. What is the remainder when 12 is divided by z(u)?
5
Let l = -162 - -177. Calculate the remainder when l is divided by 4.
3
Let c = 58 - 16. Suppose -10 = 2*t, c = 5*j - t + 12. Suppose j*g = 15, 2*d - 68 = 2*g + 60. Calculate the remainder when d is divided by 23.
21
Let n = -125 - -694. Calculate the remainder when n is divided by 44.
41
Suppose 2*d + 6 = 4*g, 0 = -4*d - 4*g + 13 + 23. Calculate the remainder when (5/((-18)/(-14) - (-130)/(-455)))/1 is divided by d.
0
Let z be (21 - (8 - 4))/(-1). Let y = 27 + z. Calculate the remainder when -30*(-4 - y/(-3)) is divided by 6.
2
Suppose 125 = -3*u - 13. Let o = u + 153. What is the remainder when o is divided by 36?
35
Let u = 45 - 74. Let v = u - -42. Let n = v - 8. Calculate the remainder when n is divided by 3.
2
Let v = -170 + 254. Suppose -4*l + 3*s = -22, -4*l - 4*s + 2*s + 32 = 0. Calculate the remainder when v is divided by (-1 + 0)*(7/l - 18).
16
Let n be 66/2*45/(-27). Let p = n - -65. What is the remainder when 17 is divided by p?
7
Let k = 61 + -139. Let i(d) = 